 -17 + 25. Let v(h) = 3*h + 7. Let d be v(w). Let y = d - 19. List the prime factors of y.
2, 3
Let r(c) = 16*c - 14. Let p(a) = -a. Let i(g) = 44*p(g) + 2*r(g). What are the prime factors of i(-7)?
2, 7
Let r(p) = p**3 + 7*p**2 - 17*p + 9. Let q be r(-9). Suppose q = -0*t - 5*t + 5*d + 160, t - 3*d - 42 = 0. What are the prime factors of t?
3
Let q(f) = -f**2 + 6*f - 6. Let b be q(6). Let n(i) = -i + i**3 - 6 + 0*i**3 + 6*i**2 - 4*i. What are the prime factors of n(b)?
2, 3
Let c(n) = n**3 - n**2 + n + 2. Let d be c(0). Let x(r) = 0 - r**2 - 2 + 0*r**d + 10*r. What are the prime factors of x(8)?
2, 7
Let s(q) = 5*q - 30. Let m be s(7). Suppose 0 = 2*b - m*l - 0*l - 175, 3*b - 251 = -4*l. What are the prime factors of b?
5, 17
Let t(j) = -3*j**3 - 4*j**2 + 16*j + 19. What are the prime factors of t(-6)?
7, 61
List the prime factors of (-2)/(-10) + 2*32751/90.
2, 7, 13
List the prime factors of 10/25 - 211*26/(-10).
3, 61
Let z = -12 + 16. Suppose 108 = 7*d - z*d. List the prime factors of d.
2, 3
Let n be 6 + 0/(-2 - 0). Suppose 3*d = -2*i + 3 + 9, 3*d = n. Suppose i*g - g - 50 = 0. What are the prime factors of g?
5
Let h(z) = z - 11. Let v be h(-13). Let o = v - -46. List the prime factors of o.
2, 11
Let s(q) be the first derivative of 23*q**2 + 3*q - 22. List the prime factors of s(1).
7
Let x(d) = -44*d**3 - d**2 - 2*d - 1. Let j be x(-1). Suppose -5*n + n = -j. List the prime factors of n.
11
What are the prime factors of (-6)/((3 - (-87)/(-30))*-4)?
3, 5
List the prime factors of 2/14 + 17475/175.
2, 5
Suppose -c - 9*k = -2332, -5*c - 19*k = -14*k - 11500. What are the prime factors of c?
2, 7, 41
Suppose 4*c - 90 = 3*c. List the prime factors of -1 + (1 - 3) + c.
3, 29
List the prime factors of -3 - ((-5)/(20/(-12)) - 460).
2, 227
Let g = -49 + 44. Let x(j) be the second derivative of -j**3/6 + 9*j**2/2 + j. List the prime factors of x(g).
2, 7
Suppose -6*l = -8*l - 18. Let q be 4/(-3) + 60/l. Let k = q - -11. What are the prime factors of k?
3
Let h be 1/(-2*(-122)/80 + -3). Let i = h - -84. What are the prime factors of i?
2, 13
Let u = 633 + -152. List the prime factors of u.
13, 37
Let n(o) = -2*o**3 - 10*o**2 - 7*o + 14. List the prime factors of n(-6).
2
Let o(t) = 3*t**3 + 2*t**2 - 19*t + 6. List the prime factors of o(3).
2, 3
Let x = -613 - -938. What are the prime factors of x?
5, 13
Let k(l) = -l**3 + 9*l**2 + 4*l + 6. Let f be k(10). Let b = f - -100. What are the prime factors of b?
2, 23
Let n be (-3)/6*0/(-6). Let t = 1 - n. Suppose 2*d - 5*i + 3 - 44 = 0, 3*i - t = -2*d. List the prime factors of d.
2
Suppose 9*k - 20 = 5*k. Suppose 251 - k = 6*i. What are the prime factors of i?
41
Suppose -3322 = -13*s + 2307. What are the prime factors of s?
433
Suppose 5*n + 933 = -2*v, 0 = 3*v - 5*v - 8. Let y = n - -372. What are the prime factors of y?
11, 17
List the prime factors of -12 + 10160/10 + 1 + 0.
3, 5, 67
Suppose -4*h + 11 = 3*a + 67, 3*a + 65 = 5*h. Let n be 5/(a/(-48)) - 0. List the prime factors of 3/(9/n) + 1.
5
Let h = -2092 + 2521. List the prime factors of h.
3, 11, 13
Let p = -24 - -28. Suppose -15*w + 16*w = p. Suppose 0 = -w*g - 4*h + 128, 0 = 3*h + 1 + 5. List the prime factors of g.
2, 17
Suppose -432 - 93 = -15*d. List the prime factors of d.
5, 7
Suppose v + 4*f = 29, -f + 0*f = -2*v + 31. Let s = v + -13. Suppose 2*r = 0, -4*r = s*o - 5*r - 52. What are the prime factors of o?
13
Suppose j - 2*l + 4*l + 84 = 0, 0 = -2*j + 3*l - 140. Let m = j + 151. What are the prime factors of m?
3, 5
Suppose -5*q - 440 = -5*a, -4*q = -5*a + 336 + 100. What are the prime factors of a?
2, 3, 7
Suppose 2 = -2*p - 16. Let a be (-42)/4 - 6/12. Let d = p - a. List the prime factors of d.
2
Let q(d) = -d**2 - 11*d - 10. Let a be q(-10). Suppose -21 = -3*o - a. Suppose -s - 2 = -y - o, 4*s + 3*y = 20. List the prime factors of s.
5
Suppose -19675 - 1055 = -30*n. What are the prime factors of n?
691
Let w = 20 - 17. Suppose 3*a - 3 = -5*t - 0, 4*a - 33 = w*t. Suppose -a*q + 114 = 6. What are the prime factors of q?
2, 3
Let h(l) = l**3 + 13*l**2 - 14*l. Let r be h(-14). Let f be (r - 1)/(6/(-126)). Suppose 3*q - 2*q = f. What are the prime factors of q?
3, 7
Suppose 9*f - 119 = -47. List the prime factors of ((-108)/f)/9*-10.
3, 5
Let u be 22/4 - (-1)/(-2). Suppose u*f = -0*f + 50. What are the prime factors of 159/33 + f/55?
5
Suppose -25*l + 23*l + 397 = t, -8 = -4*l. List the prime factors of t.
3, 131
Suppose -8040 = -4*t - 2*v, -t + 2013 = -4*v + 6*v. List the prime factors of t.
7, 41
Suppose 32487 = 18*x + 3*x. What are the prime factors of x?
7, 13, 17
Suppose -14*n + 6000 = -1546. List the prime factors of n.
7, 11
Suppose 4*l - 74 = -2*h, 3*l + 2*h + 2*h = 48. Let x be (2/(-4) + 2)*l. Suppose 0 = -2*m - m + x. List the prime factors of m.
2, 5
Suppose 0 = -4*r + 3*d + 4002, 3*r - 2580 = 3*d + 423. List the prime factors of r.
3, 37
Suppose -45 = 5*m + 5*x, 3 + 37 = -4*m - 2*x. Let j be (-46)/m - 10/55. Suppose -2 = k + k + j*l, -3*k - 4*l + 1 = 0. What are the prime factors of k?
3
Suppose -k = 240 - 1031. What are the prime factors of k?
7, 113
What are the prime factors of (-1)/7 - (3 - 31645/35)?
17, 53
Suppose -s + 2 + 12 = -3*b, 6 = s - b. Let w(l) = 3*l + 8*l**2 - 4 - 1 + 3*l**2 - s*l**2. List the prime factors of w(2).
37
Let u = 10 + -5. Let i be (-3 - -5 - u) + 122. Suppose 3*v - i = 4*q - 35, -5*v = -3*q - 140. List the prime factors of v.
2, 7
Suppose 8*h = -h + 18846. What are the prime factors of h?
2, 3, 349
Suppose -7*l - 3*l + 3670 = 0. List the prime factors of l.
367
Suppose m = -5*t + 76, 2*t + 0*m - 32 = -2*m. Suppose 10 = a - t. What are the prime factors of a?
5
Let a be (-1 - (2 - 14))*2. Suppose 2*k + 3*y - a = 0, -5*y + 70 - 25 = 5*k. Suppose -2*v + b = -0*b, k*b - 28 = -4*v. What are the prime factors of v?
2
What are the prime factors of 74046/36 - (-12)/72?
11, 17
Suppose b - 140 = 6*b. Let i = b - -39. Suppose -18 = -f + i. What are the prime factors of f?
29
Suppose -1866 + 42788 = 79*w. List the prime factors of w.
2, 7, 37
Let v(j) = 0 - 20*j - 13*j + 1 + 1. Let q be v(-1). Let h = q + -17. What are the prime factors of h?
2, 3
Let h(d) = 294*d**2 + 13*d - 9. What are the prime factors of h(2)?
1193
What are the prime factors of (-99 + (2 - 3))*8/(-32)?
5
Suppose 4*u + 3*d + 300 = 0, -16 = -4*d - 0*d. Let c = u - -39. Let y = 67 + c. List the prime factors of y.
2, 7
Let s be -56 + 205 + (0 - (-3 + 0)). Suppose -2*i - 2*i + 20 = 0. Suppose -3*o + 3*x = -7*o + s, -225 = -5*o + i*x. List the prime factors of o.
41
Let f be 2 + 0/(-4) + -60. Let u = -42 - f. List the prime factors of u.
2
Let d(s) = s - 4. Let g be d(13). List the prime factors of (-3)/g - (-102)/9.
11
Let n(m) = m**3 - 3*m**2 - 4*m + 2. Let c be n(4). Suppose 2*q = -2*s + 16, q - 3*s - c*s + 10 = 0. Suppose -2*x = q - 33. List the prime factors of x.
2, 7
What are the prime factors of ((-34)/5)/((-4)/440)?
2, 11, 17
Let f(v) = -v**3 + 5*v**2 - 3*v + 4. Let u be f(4). Suppose u = 2*l, -4*l - 68 = -3*x - 0*l. What are the prime factors of ((-51)/(-4))/(7/x)?
3, 17
Suppose 4*y - 3680 = 5*r, 5*r - 945 = 7*y - 8*y. List the prime factors of y.
5, 37
Suppose -5*y - 3*g + 3452 = 0, 3*y - 3*g - 676 = 2*y. What are the prime factors of y?
2, 43
Let v = 2 - 11. What are the prime factors of ((-75)/v + -4)*6?
2, 13
What are the prime factors of 222 + (0 - (-13 + 4 - -4))?
227
Let l(c) = 3*c + 1. Let v(z) = 0*z - 7*z + 6*z. Let x(d) = -4*l(d) - 11*v(d). What are the prime factors of x(-6)?
2
Suppose -5*g = -10*g + 10. Let y(q) = 5*q**3 - 2*q**2 - 4*q**2 + 5*q**2. What are the prime factors of y(g)?
2, 3
Let d = -33 - -44. Suppose 3*z = -2*r + 844, -4*z - d*r = -6*r - 1116. List the prime factors of z.
2, 71
Let s = -111 - -105. Let d = 81 + s. List the prime factors of d.
3, 5
Let h(r) = -r + 4. Let p(b) = -b + 4. Let v(s) = 3*h(s) - 2*p(s). Let y(a) = -1. Let c(q) = -3*v(q) - 12*y(q). List the prime factors of c(8).
2, 3
Let t = -23 + 27. Suppose -t*z = -90 - 218. What are the prime factors of z?
7, 11
Let h(j) = 5*j**2 + j. Let z be h(-1). Suppose -z*n + 0*n + 732 = 5*d, 194 = n + 4*d. Suppose 3*q - 6 = 0, -q - n = -4*s - 0*s. What are the prime factors of s?
3, 5
Let o(z) = -z + 1. Let t(d) = -5*d + 35. Let b(f) = -4*o(f) +